of 253653358 and 1106?
1106
What is the greatest common factor of 561906678 and 1003?
1003
What is the greatest common divisor of 851 and 294380473?
851
Calculate the highest common factor of 270 and 714145.
5
What is the highest common factor of 1842070 and 320?
10
What is the greatest common divisor of 11876 and 1404?
4
What is the highest common factor of 106140503 and 53?
53
Calculate the highest common factor of 177727394 and 22828.
11414
Calculate the greatest common divisor of 669901149 and 9.
9
What is the greatest common factor of 49 and 164548356?
7
Calculate the highest common divisor of 28925 and 4106193.
1157
Calculate the greatest common divisor of 1834308 and 2520.
252
What is the greatest common divisor of 29971 and 35887?
17
Calculate the greatest common divisor of 2574 and 164142.
198
Calculate the greatest common divisor of 27900 and 34811388.
1116
Calculate the greatest common factor of 3348 and 7028196.
372
What is the greatest common divisor of 6252 and 334788?
12
Calculate the greatest common factor of 93050639 and 22.
11
Calculate the highest common factor of 69 and 927475.
23
What is the greatest common divisor of 111040 and 365?
5
Calculate the greatest common divisor of 16 and 611647032.
8
Calculate the highest common divisor of 2047 and 657869.
23
Calculate the greatest common factor of 295638 and 762.
6
Calculate the highest common divisor of 423738 and 25650.
1026
What is the greatest common factor of 6336904 and 1148?
28
What is the greatest common factor of 167634 and 33366?
402
Calculate the highest common factor of 64368 and 151558032.
7152
What is the highest common divisor of 148 and 2060863?
37
What is the highest common factor of 1552552 and 24?
8
Calculate the highest common divisor of 1310543371 and 3181.
3181
Calculate the highest common divisor of 71084388 and 12.
12
What is the highest common factor of 111456 and 42656?
1376
What is the greatest common divisor of 11255992 and 99?
11
Calculate the greatest common factor of 75656 and 875062.
386
What is the greatest common divisor of 1113 and 365223?
159
Calculate the greatest common divisor of 110325763 and 97.
97
What is the highest common divisor of 55051903 and 46?
23
Calculate the highest common factor of 182182812 and 306.
102
What is the greatest common divisor of 932350935 and 75?
15
Calculate the highest common factor of 6470640 and 152.
152
Calculate the highest common factor of 576958 and 8480.
106
Calculate the highest common divisor of 463719983 and 859.
859
What is the greatest common factor of 18123248 and 2200?
88
Calculate the highest common divisor of 630 and 16820118.
126
Calculate the highest common divisor of 752 and 461587.
47
Calculate the greatest common divisor of 24849034 and 7.
7
Calculate the greatest common divisor of 87424 and 37504.
128
Calculate the greatest common factor of 904192 and 16384.
1024
What is the greatest common divisor of 48 and 96583728?
48
What is the highest common factor of 41515271 and 742?
371
Calculate the greatest common divisor of 172 and 899412.
4
What is the highest common factor of 283618 and 74774?
218
What is the greatest common factor of 7899636 and 48?
12
What is the highest common factor of 3045 and 241140?
15
What is the greatest common divisor of 2341878 and 1155?
231
What is the highest common factor of 464 and 153665896?
232
What is the greatest common factor of 117603 and 123689?
179
What is the greatest common divisor of 60538481 and 1?
1
Calculate the greatest common divisor of 252264893 and 194.
97
Calculate the greatest common factor of 3173076 and 21888.
684
What is the greatest common divisor of 1335265 and 692070?
1955
What is the greatest common factor of 18 and 65688747?
3
What is the highest common divisor of 872 and 261792?
8
What is the greatest common factor of 3653430 and 462?
66
Calculate the highest common factor of 39073 and 20869.
41
What is the greatest common factor of 42448 and 51856?
112
What is the greatest common factor of 4565488 and 200?
8
Calculate the greatest common factor of 2445 and 86748111.
489
Calculate the greatest common factor of 29251108 and 862.
862
Calculate the highest common divisor of 42 and 136941042.
42
What is the highest common factor of 28012 and 184428?
188
Calculate the greatest common factor of 725050038 and 18.
6
What is the greatest common divisor of 26943 and 26985?
21
Calculate the highest common divisor of 2156 and 8256699.
11
Calculate the highest common factor of 32919832 and 275.
11
Calculate the highest common factor of 2750 and 3870650.
50
What is the highest common factor of 497882 and 146278?
1342
What is the greatest common divisor of 4805780 and 280?
140
What is the highest common factor of 101760 and 4007040?
1920
Calculate the greatest common divisor of 23991 and 15147.
33
Calculate the highest common divisor of 551400 and 43200.
600
Calculate the greatest common factor of 388635 and 57797.
1993
What is the highest common divisor of 98690 and 1601405?
355
Calculate the greatest common factor of 103250 and 5510750.
1750
What is the highest common divisor of 37755 and 2919915?
45
Calculate the highest common divisor of 2282879 and 9078.
17
What is the greatest common factor of 53834444 and 16031?
391
What is the highest common divisor of 490725 and 1600?
25
What is the highest common divisor of 320 and 10607720?
40
What is the highest common factor of 15922049 and 7931?
1133
Calculate the highest common factor of 2958308 and 140484.
2036
Calculate the highest common divisor of 36400 and 2840.
40
What is the highest common divisor of 1163699198 and 34?
34
What is the highest common divisor of 3 and 1138403?
1
Calculate the highest common factor of 161 and 406273.
7
What is the greatest common divisor of 644099876 and 16888?
8444
Calculate the highest common divisor of 10824 and 1636238824.
3608
Calculate the highest common divisor of 3 and 117601287.
3
Calculate the highest common divisor of 79322850 and 153.
153
Calculate the greatest common divisor of 4340525 and 8925.
2975
What is the greatest common factor of 15208232 and 2056?
2056
Calculate the greatest common divisor of 124 and 1250484.
4
What is the greatest common factor of 490519189 and 43?
43
Calculate the greatest common divisor of 452325479 and 424.
53
What is the greatest common divisor of 50 and 5380513850?
50
Calculate the greatest common divisor of 117708 and 237252.
204
Calculate the greatest common factor of 1361341 and 3293.
37
What is the greatest common factor of 190 and 36046895?
95
What is the highest common divisor of 3 and 16332983?
1
What is the greatest common factor of 13359744 and 1440?
288
What is the greatest common divisor of 26291240 and 80?
40
Calculate the highest common divisor of 87353675 and 5385.
1795
Calculate the greatest common divisor of 175129778 and 164.
82
Calculate the greatest common divisor of 20 and 125790740.
20
Calculate the greatest common divisor of 7080311325 and 25.
25
Calculate the highest common factor of 6664 and 48854736.
952
Calculate the greatest common divisor of 162685260 and 81.
81
Calculate the greatest common divisor of 3546 and 233046.
18
What is the greatest common divisor of 9036 and 1982052?
36
What is the greatest common factor of 48500 and 8142500?
500
What is the highest common factor of 960 and 15264960?
960
Calculate the greatest common factor of 22 and 17026922.
22
Calculate the highest common factor of 1667798 and 13244.
946
What is the highest common factor of 922 and 1239272186?
922
What is the highest common divisor of 35214 and 5454?
6
What is the greatest common factor of 728595 and 28020?
15
Calculate the greatest common divisor of 420833 and 2449.
79
What is the greatest common divisor of 948 and 20309400?
12
What is the highest common factor of 14112 and 63297504?
288
Calculate the highest common divisor of 40643979 and 15.
3
What is the highest common factor of 204975 and 125718?
2733
What is the highest common factor of 1101848 and 66728?
152
What is the highest common factor of 195 and 13628515?
5
What is the greatest common divisor of 689 and 24974183?
689
Calculate the highest common divisor of 678471 and 114.
57
What is the greatest common factor of 560706 and 770886?
678
What 